prime number?
True
Is 8794043 prime?
False
Is 66320647 composite?
False
Is 1383829 composite?
False
Is 106289033 a composite number?
False
Is 42762853 composite?
True
Is 14723393 a prime number?
False
Is 38692751 a prime number?
True
Is 1459077511 prime?
True
Is 2847797 prime?
True
Is 201463627 prime?
False
Is 120205753 a composite number?
False
Is 61334069 composite?
True
Is 51438917 a composite number?
True
Is 13538377 prime?
True
Is 392383 prime?
True
Is 138878 composite?
True
Is 276311954 a prime number?
False
Is 5914049 composite?
False
Is 1096173139 a composite number?
False
Is 48694537 prime?
False
Is 27622327 composite?
False
Is 18486674 a composite number?
True
Is 6206631 composite?
True
Is 62407705 a composite number?
True
Is 63361 prime?
True
Is 687313 a composite number?
True
Is 9214763 a prime number?
False
Is 6348059 composite?
False
Is 74130611 a composite number?
False
Is 474457 a prime number?
False
Is 44240693 a composite number?
True
Is 16902443 prime?
True
Is 1781401 composite?
True
Is 87092963 a composite number?
False
Is 162227921 a prime number?
False
Is 1209566977 a composite number?
True
Is 13472423 composite?
True
Is 24692651 prime?
True
Is 1998397 a composite number?
False
Is 14035531 prime?
True
Is 6489839 a prime number?
True
Is 128102281 a prime number?
True
Is 23938403 prime?
True
Is 64975637 composite?
True
Is 39860167 a prime number?
True
Is 1697149 a composite number?
False
Is 1536823 a composite number?
False
Is 654089 prime?
True
Is 10749581 prime?
True
Is 325579 prime?
False
Is 2538719 prime?
False
Is 293319833 a prime number?
False
Is 269978507 prime?
False
Is 6985037 prime?
True
Is 4639091 a composite number?
True
Is 16032383 prime?
True
Is 16802623 a composite number?
False
Is 145232926 a prime number?
False
Is 3502787 composite?
True
Is 3040517 a composite number?
False
Is 2278231 prime?
False
Is 2504179 a prime number?
False
Is 2542177 a composite number?
True
Is 5485537 a composite number?
False
Is 1347611 composite?
False
Is 18437 a prime number?
False
Is 2070383 composite?
True
Is 34419261 composite?
True
Is 7029403 a prime number?
True
Is 1945891 prime?
True
Is 2338447 a prime number?
False
Is 39515491 composite?
False
Is 7781881 a composite number?
False
Is 4081771 a composite number?
False
Is 6259906 a composite number?
True
Is 5226619 composite?
False
Is 3041149 a composite number?
False
Is 242233633 a prime number?
False
Is 32029067 prime?
False
Is 12032857 a prime number?
False
Is 875089 a prime number?
True
Is 60677753 a prime number?
True
Is 217121803 prime?
True
Is 1254139 composite?
True
Is 527363 a prime number?
False
Is 4499158 a prime number?
False
Is 301956983 prime?
True
Is 12977193 a composite number?
True
Is 337164623 composite?
False
Is 3472073 composite?
True
Is 320209 composite?
False
Is 197553709 a prime number?
False
Is 8650919 a prime number?
True
Is 9496073 a composite number?
False
Is 5385895 a prime number?
False
Is 5552111 prime?
True
Is 1155761 composite?
True
Is 3241466 prime?
False
Is 3831419 a prime number?
False
Is 9380541 composite?
True
Is 4968659 a composite number?
True
Is 196490537 a composite number?
True
Is 14416559 a composite number?
False
Is 135612649 composite?
False
Is 569599 a composite number?
False
Is 67814347 composite?
True
Is 5126057 composite?
False
Is 9038251 prime?
False
Is 11928479 a composite number?
True
Is 1630415 a prime number?
False
Is 952897 a prime number?
False
Is 6506743 a prime number?
False
Is 180704737 a prime number?
True
Is 6887599 a composite number?
False
Is 2102017829 prime?
True
Is 18219001 a prime number?
True
Is 1411177 a prime number?
False
Is 6606961 composite?
True
Is 912391 a composite number?
False
Is 88318589 composite?
False
Is 86689991 prime?
False
Is 33388279 a prime number?
True
Is 33691822 a prime number?
False
Is 373513 prime?
False
Is 11537931 prime?
False
Is 3293065 a prime number?
False
Is 4359935 a composite number?
True
Is 11854463 a composite number?
False
Is 230081 prime?
True
Is 1987567 composite?
True
Is 750929 a composite number?
False
Is 9945655 a composite number?
True
Is 3752257 prime?
False
Is 41605107 a prime number?
False
Is 132082421 prime?
False
Is 3010166 prime?
False
Is 87358781 composite?
False
Is 25568407 composite?
False
Is 257757001 a prime number?
True
Is 38176397 composite?
True
Is 2354711 prime?
True
Is 8562229 prime?
False
Is 10209893 a composite number?
True
Is 7506677 a prime number?
True
Is 389819 prime?
True
Is 262103027 prime?
False
Is 58837019 composite?
False
Is 6763903 a composite number?
False
Is 6361669 a prime number?
False
Is 1960141 a composite number?
False
Is 220972327 a prime number?
True
Is 845245 a prime number?
False
Is 35916763 a composite number?
False
Is 136653827 a prime number?
True
Is 71904013 composite?
False
Is 73844803 prime?
False
Is 378505181 composite?
True
Is 1567999 a composite number?
False
Is 5915921 prime?
False
Is 2708081 a prime number?
False
Is 27596539 composite?
False
Is 32451217 prime?
True
Is 101394403 prime?
False
Is 5444781 prime?
False
Is 666566 composite?
True
Is 49480663 prime?
True
Is 324521 a prime number?
False
Is 7299773 prime?
False
Is 2841551 prime?
False
Is 44109523 a prime number?
False
Is 458443 a prime number?
False
Is 249789961 a composite number?
True
Is 63622487 a composite number?
False
Is 2167741 composite?
False
Is 608077201 a composite number?
False
Is 1405903 composite?
True
Is 7977561 a prime number?
False
Is 33317663 prime?
True
Is 5320831 a composite number?
True
Is 7684751 a prime number?
True
Is 2630041 a composite number?
False
Is 10010047 a prime number?
False
Is 1262957 a prime number?
True
Is 14645921 a composite number?
False
Is 18530551 a prime number?
False
Is 133563481 a composite number?
False
Is 684962 prime?
False
Is 443579501 prime?
True
Is 345171065 prime?
False
Is 15379333 composite?
True
Is 4426423 a prime number?
True
Is 126687371 a prime number?
False
Is 15738511 prime?
True
Is 2717409 composite?
True
Is 78913111 a composite number?
False
Is 6033371 a composite number?
False
Is 91323767 composite?
False
Is 53142769 composite?
True
Is 204089 composite?
True
Is 8399153 composite?
True
Is 53779841 composite?
False
Is 120809867 composite?
False
Is 30490017 a composite number?
True
Is 1716311 a composite number?
False
Is 341192357 a composite number?
True
Is 728993 prime?
True
Is 3314989 prime?
False
Is 406631 a composite number?
False
Is 7521461 composite?
True
Is 9458857 composite?
True
Is 107067953 prime?
True
Is 40493419 a prime number?
False
Is 2280163 prime?
True
Is 5522633 a prime number?
False
Is 6810983 a composite number?
False
Is 17870207 prime?
True
Is 27831049 prime?
False
Is 25843087 a composite number?
True
Is 1777267 prime?
True
Is 830414927 prime?
True
Is 26097131 a composite number?
False
Is 18920477 composite?
False
Is 2704661 composite?
False
Is 70589447 a composite number?
True
Is 34058723 a composite number?
False
Is 97140977 composite?
True
Is 22581451 a composite number?
False
Is 112878973 a prime number?
False
Is 1292251 composite?
False
Is 13071167 composite?
False
Is 3027769 prime?
True
Is 377573167 prime?
True
Is 4146169 composite?
True
Is 64317853 prime?
False
Is 1394005 a composite number?
True
Is 195024407 prime?
True
Is 58193767 prime?
False
Is 1025587 a prime number?
False
Is 426957 a prime number?
False
Is 54954959 a prime number?
True
Is 7378043 a prime number?
True
Is 5276861 composite?
False
Is 26656561 prime?
False
Is 34895713 a prime number?
False
Is 2141117 prime?
False
Is 16760369 a prime number?
True
Is 6531617 a prime number?
True
Is 7418687 prime?
False
Is 924883 composite?
True
Is 9649267 composite?
True
Is 143479183 a composite number?
False
Is 765633137 a composite number?
False
Is 39352837 a prime number?
False
Is 198831127 composite?
True
Is 27187579 composite?
True
Is 29204557 a prime number?
True
Is 8244463 composite?
False
Is 491483 prime?
True
Is 1609301 composite?
False
Is 3350171 a prime number?
False
Is 4342519 a prime number?
False
Is 4914029 a composite number?
False
Is 2302441 prime?
True
Is 693078961 prime?
True
Is 59750947 a prime number?
True
Is 3891467 a composite number?
False
Is 38791157 a composite number?
False
Is 410440411 prime?
Tru